{"id":17454,"date":"2020-06-01T20:20:58","date_gmt":"2020-06-01T20:20:58","guid":{"rendered":"https:\/\/logrospublicitarios.com\/clientes\/textifull.com.co\/?page_id=17454"},"modified":"2020-09-18T20:56:57","modified_gmt":"2020-09-18T20:56:57","slug":"porque-elegirnos","status":"publish","type":"page","link":"https:\/\/textifull.com.co\/eng\/porque-elegirnos\/","title":{"rendered":"Porque elegir a Textifull"},"content":{"rendered":"<div class=\"vgblk-rw-wrapper limit-wrapper\">\n<h2 class=\" translation-block\"><span class=\"vamtam-heading-text\">WHY CHOOSE <strong>TEXTIFULL<\/strong>?<\/span><\/h2>\n<p>Our experience and extensive knowledge of fashion trends have led us to pioneer in the development and design of knitted clothing. <\/p>\n<p>We have a qualified design department that customizes solutions to our customers' needs with innovation, quality and style.<\/p>\n<\/div><!-- .vgblk-rw-wrapper -->","protected":false},"excerpt":{"rendered":"<p>\u00bfPOR QUE ELEGIR A TEXTIFULL? Nuestra experiencia y amplio conocimiento en tendencias de moda nos han llevado a ser una empresa l\u00edder en el desarrollo y dise\u00f1o de prendas de vestir en tejido de punto. Contamos con un departamento de dise\u00f1o calificado que nos permite ofrecer soluciones a la medida con innovaci\u00f3n, calidad y estilo.<\/p>","protected":false},"author":1,"featured_media":0,"parent":0,"menu_order":0,"comment_status":"closed","ping_status":"closed","template":"","meta":[],"yoast_head":"<!-- This site is optimized with the Yoast SEO plugin v18.0 - https:\/\/yoast.com\/wordpress\/plugins\/seo\/ -->\n<title>Porque elegir a Textifull | TextiFull<\/title>\n<meta name=\"description\" content=\"TextiFull Porque elegir a Textifull\" \/>\n<meta name=\"robots\" content=\"index, follow, max-snippet:-1, max-image-preview:large, max-video-preview:-1\" \/>\n<link rel=\"canonical\" href=\"https:\/\/textifull.com.co\/eng\/porque-elegirnos\/\" \/>\n<meta property=\"og:locale\" content=\"en_US\" \/>\n<meta property=\"og:type\" content=\"article\" \/>\n<meta property=\"og:title\" content=\"Porque elegir a Textifull | TextiFull\" \/>\n<meta property=\"og:description\" content=\"TextiFull Porque elegir a Textifull\" \/>\n<meta property=\"og:url\" content=\"https:\/\/textifull.com.co\/eng\/porque-elegirnos\/\" \/>\n<meta property=\"og:site_name\" content=\"TextiFull\" \/>\n<meta property=\"article:modified_time\" content=\"2020-09-18T20:56:57+00:00\" \/>\n<meta name=\"twitter:card\" content=\"summary_large_image\" \/>\n<script type=\"application\/ld+json\" class=\"yoast-schema-graph\">{\"@context\":\"https:\/\/schema.org\",\"@graph\":[{\"@type\":\"Organization\",\"@id\":\"https:\/\/textifull.com.co\/#organization\",\"name\":\"TextiFull\",\"url\":\"https:\/\/textifull.com.co\/\",\"sameAs\":[],\"logo\":{\"@type\":\"ImageObject\",\"@id\":\"https:\/\/textifull.com.co\/#logo\",\"inLanguage\":\"en-US\",\"url\":\"https:\/\/textifull.com.co\/wp-content\/uploads\/2020\/07\/logo-textifull-512x512-1.png\",\"contentUrl\":\"https:\/\/textifull.com.co\/wp-content\/uploads\/2020\/07\/logo-textifull-512x512-1.png\",\"width\":513,\"height\":513,\"caption\":\"TextiFull\"},\"image\":{\"@id\":\"https:\/\/textifull.com.co\/#logo\"}},{\"@type\":\"WebSite\",\"@id\":\"https:\/\/textifull.com.co\/#website\",\"url\":\"https:\/\/textifull.com.co\/\",\"name\":\"TextiFull\",\"description\":\"\",\"publisher\":{\"@id\":\"https:\/\/textifull.com.co\/#organization\"},\"potentialAction\":[{\"@type\":\"SearchAction\",\"target\":{\"@type\":\"EntryPoint\",\"urlTemplate\":\"https:\/\/textifull.com.co\/?s={search_term_string}\"},\"query-input\":\"required name=search_term_string\"}],\"inLanguage\":\"en-US\"},{\"@type\":\"WebPage\",\"@id\":\"https:\/\/textifull.com.co\/porque-elegirnos\/#webpage\",\"url\":\"https:\/\/textifull.com.co\/porque-elegirnos\/\",\"name\":\"Porque elegir a Textifull | TextiFull\",\"isPartOf\":{\"@id\":\"https:\/\/textifull.com.co\/#website\"},\"datePublished\":\"2020-06-01T20:20:58+00:00\",\"dateModified\":\"2020-09-18T20:56:57+00:00\",\"description\":\"TextiFull Porque elegir a Textifull\",\"breadcrumb\":{\"@id\":\"https:\/\/textifull.com.co\/porque-elegirnos\/#breadcrumb\"},\"inLanguage\":\"en-US\",\"potentialAction\":[{\"@type\":\"ReadAction\",\"target\":[\"https:\/\/textifull.com.co\/porque-elegirnos\/\"]}]},{\"@type\":\"BreadcrumbList\",\"@id\":\"https:\/\/textifull.com.co\/porque-elegirnos\/#breadcrumb\",\"itemListElement\":[{\"@type\":\"ListItem\",\"position\":1,\"name\":\"Home\",\"item\":\"https:\/\/textifull.com.co\/\"},{\"@type\":\"ListItem\",\"position\":2,\"name\":\"Porque elegir a Textifull\"}]}]}<\/script>\n<!-- \/ Yoast SEO plugin. -->","yoast_head_json":{"title":"Porque elegir a Textifull | TextiFull","description":"TextiFull Porque elegir a Textifull","robots":{"index":"index","follow":"follow","max-snippet":"max-snippet:-1","max-image-preview":"max-image-preview:large","max-video-preview":"max-video-preview:-1"},"canonical":"https:\/\/textifull.com.co\/eng\/porque-elegirnos\/","og_locale":"en_US","og_type":"article","og_title":"Porque elegir a Textifull | TextiFull","og_description":"TextiFull Porque elegir a Textifull","og_url":"https:\/\/textifull.com.co\/eng\/porque-elegirnos\/","og_site_name":"TextiFull","article_modified_time":"2020-09-18T20:56:57+00:00","twitter_card":"summary_large_image","schema":{"@context":"https:\/\/schema.org","@graph":[{"@type":"Organization","@id":"https:\/\/textifull.com.co\/#organization","name":"TextiFull","url":"https:\/\/textifull.com.co\/","sameAs":[],"logo":{"@type":"ImageObject","@id":"https:\/\/textifull.com.co\/#logo","inLanguage":"en-US","url":"https:\/\/textifull.com.co\/wp-content\/uploads\/2020\/07\/logo-textifull-512x512-1.png","contentUrl":"https:\/\/textifull.com.co\/wp-content\/uploads\/2020\/07\/logo-textifull-512x512-1.png","width":513,"height":513,"caption":"TextiFull"},"image":{"@id":"https:\/\/textifull.com.co\/#logo"}},{"@type":"WebSite","@id":"https:\/\/textifull.com.co\/#website","url":"https:\/\/textifull.com.co\/","name":"TextiFull","description":"","publisher":{"@id":"https:\/\/textifull.com.co\/#organization"},"potentialAction":[{"@type":"SearchAction","target":{"@type":"EntryPoint","urlTemplate":"https:\/\/textifull.com.co\/?s={search_term_string}"},"query-input":"required name=search_term_string"}],"inLanguage":"en-US"},{"@type":"WebPage","@id":"https:\/\/textifull.com.co\/porque-elegirnos\/#webpage","url":"https:\/\/textifull.com.co\/porque-elegirnos\/","name":"Porque elegir a Textifull | TextiFull","isPartOf":{"@id":"https:\/\/textifull.com.co\/#website"},"datePublished":"2020-06-01T20:20:58+00:00","dateModified":"2020-09-18T20:56:57+00:00","description":"TextiFull Porque elegir a Textifull","breadcrumb":{"@id":"https:\/\/textifull.com.co\/porque-elegirnos\/#breadcrumb"},"inLanguage":"en-US","potentialAction":[{"@type":"ReadAction","target":["https:\/\/textifull.com.co\/porque-elegirnos\/"]}]},{"@type":"BreadcrumbList","@id":"https:\/\/textifull.com.co\/porque-elegirnos\/#breadcrumb","itemListElement":[{"@type":"ListItem","position":1,"name":"Home","item":"https:\/\/textifull.com.co\/"},{"@type":"ListItem","position":2,"name":"Porque elegir a Textifull"}]}]}},"jetpack_sharing_enabled":true,"_links":{"self":[{"href":"https:\/\/textifull.com.co\/eng\/wp-json\/wp\/v2\/pages\/17454"}],"collection":[{"href":"https:\/\/textifull.com.co\/eng\/wp-json\/wp\/v2\/pages"}],"about":[{"href":"https:\/\/textifull.com.co\/eng\/wp-json\/wp\/v2\/types\/page"}],"author":[{"embeddable":true,"href":"https:\/\/textifull.com.co\/eng\/wp-json\/wp\/v2\/users\/1"}],"replies":[{"embeddable":true,"href":"https:\/\/textifull.com.co\/eng\/wp-json\/wp\/v2\/comments?post=17454"}],"version-history":[{"count":18,"href":"https:\/\/textifull.com.co\/eng\/wp-json\/wp\/v2\/pages\/17454\/revisions"}],"predecessor-version":[{"id":18041,"href":"https:\/\/textifull.com.co\/eng\/wp-json\/wp\/v2\/pages\/17454\/revisions\/18041"}],"wp:attachment":[{"href":"https:\/\/textifull.com.co\/eng\/wp-json\/wp\/v2\/media?parent=17454"}],"curies":[{"name":"wp","href":"https:\/\/api.w.org\/{rel}","templated":true}]}}